122677 prime?
True
Is 110595242203 a composite number?
True
Is 1216007741 composite?
True
Is 1867823981 a prime number?
False
Is 20881133894 a composite number?
True
Is 68170270027 prime?
True
Is 61349619 composite?
True
Is 559512911 prime?
False
Is 25705015789 a composite number?
False
Is 116880979814 a composite number?
True
Is 103464551 composite?
False
Is 441198629 a composite number?
False
Is 41323895257 prime?
True
Is 86924728799 a prime number?
True
Is 68637876833 a prime number?
False
Is 4840665457 prime?
True
Is 102348266 composite?
True
Is 128984667793 composite?
False
Is 12869819065 prime?
False
Is 4788972757 prime?
True
Is 1177215967 a composite number?
True
Is 1785700171 prime?
False
Is 7392119939 a prime number?
True
Is 1564867534 a composite number?
True
Is 2569008763 prime?
False
Is 3295134047 prime?
True
Is 1551625879 a prime number?
False
Is 355464409 a prime number?
True
Is 30548107 composite?
True
Is 59517793453 a prime number?
False
Is 2455924277 prime?
True
Is 7386474391 composite?
True
Is 186006343 a prime number?
True
Is 11697983113 a prime number?
True
Is 6367817234 a prime number?
False
Is 74855579051 a composite number?
True
Is 1471275667 prime?
False
Is 7071878326 a composite number?
True
Is 12049441459 composite?
True
Is 25175159995 a prime number?
False
Is 975918259 composite?
False
Is 1435312129 prime?
False
Is 93546005269 a composite number?
False
Is 1881067549 prime?
True
Is 5159121671 prime?
False
Is 396504919 a prime number?
True
Is 50420053 a composite number?
True
Is 325152323 a composite number?
False
Is 41938844993 a prime number?
True
Is 899083337 prime?
False
Is 839899589 composite?
False
Is 3866668537 composite?
False
Is 8907300217 a composite number?
False
Is 15053023561 prime?
False
Is 145204042909 a composite number?
False
Is 12704193907 a composite number?
False
Is 18300989807 a prime number?
False
Is 894402787 composite?
False
Is 1992863419 prime?
False
Is 700310881 composite?
False
Is 1573853077 composite?
False
Is 1638079441 composite?
False
Is 136854881 prime?
True
Is 80015060123 a composite number?
True
Is 10053491053 a prime number?
False
Is 2245038181 prime?
False
Is 36469064941 a composite number?
True
Is 145497173 a prime number?
True
Is 130438133593 a composite number?
False
Is 76381316647 composite?
False
Is 420771389 a composite number?
False
Is 146215859 composite?
False
Is 249507901 a composite number?
False
Is 417994351 prime?
False
Is 11434789241 composite?
False
Is 673837453 a prime number?
False
Is 245535799 prime?
False
Is 65672958979 composite?
True
Is 7136835197 a prime number?
False
Is 37838137 composite?
False
Is 69726166 prime?
False
Is 734424179 composite?
False
Is 18412179317 a prime number?
False
Is 63733581737 prime?
False
Is 2960314681 a prime number?
True
Is 333701545 prime?
False
Is 11213947373 prime?
True
Is 161214208621 a prime number?
False
Is 2176556653 composite?
True
Is 277770019 a prime number?
False
Is 220734139 a prime number?
True
Is 10305446057 prime?
True
Is 8377500823 a prime number?
False
Is 1257467621 a composite number?
False
Is 309202096435 prime?
False
Is 1705945871 composite?
True
Is 455351878 prime?
False
Is 44650996321 a prime number?
True
Is 290655583 a composite number?
False
Is 26796746143 composite?
False
Is 22902697715 prime?
False
Is 258896641 prime?
False
Is 23582327227 composite?
False
Is 66815587 prime?
True
Is 5159619449 prime?
True
Is 648429931 prime?
False
Is 451119673 composite?
True
Is 3382121837 prime?
True
Is 668946151 a prime number?
False
Is 186830233 a prime number?
True
Is 16437519965 a composite number?
True
Is 31263957149 prime?
True
Is 13890348359 a prime number?
True
Is 1136542279 a prime number?
False
Is 1545887867 composite?
False
Is 15812205169 a prime number?
True
Is 1032281357 prime?
True
Is 2975596577 composite?
False
Is 34754663171 prime?
True
Is 8794267037 a prime number?
True
Is 394456981 a prime number?
True
Is 69473306317 composite?
False
Is 2006193769 composite?
False
Is 9622724921 a composite number?
False
Is 94540843367 composite?
False
Is 3619245527 a composite number?
False
Is 55324986317 a prime number?
False
Is 66791781899 a prime number?
False
Is 14570953153 composite?
True
Is 4806128221 composite?
False
Is 20597069 a composite number?
False
Is 10456822267 composite?
True
Is 353695171 a composite number?
True
Is 8651594011 a composite number?
False
Is 81396137 prime?
False
Is 45837105311 a prime number?
True
Is 399931027 a prime number?
True
Is 12603317911 prime?
True
Is 47015740249 prime?
False
Is 76574519713 composite?
True
Is 6696403709 a composite number?
True
Is 3074245127 a prime number?
True
Is 10416789659 a composite number?
True
Is 1928266233 a composite number?
True
Is 103465331 prime?
True
Is 2875585421 a composite number?
False
Is 1370034643 a prime number?
True
Is 995250415 a prime number?
False
Is 216094751 prime?
True
Is 26150159267 prime?
True
Is 4063830241 a prime number?
False
Is 10634858131 prime?
True
Is 333902837539 prime?
True
Is 1605619919 prime?
True
Is 3809299957 composite?
True
Is 7515186751 a composite number?
False
Is 7272685921 composite?
False
Is 29626067543 a composite number?
False
Is 3550766617 prime?
True
Is 875536229 prime?
True
Is 432961553 prime?
False
Is 44659963 prime?
False
Is 12120952621 a prime number?
False
Is 24015257681 a composite number?
False
Is 77063929 a composite number?
False
Is 23287904581 a composite number?
False
Is 182998942921 prime?
True
Is 1412846107 a composite number?
True
Is 112779529771 prime?
False
Is 1141499377 a composite number?
True
Is 383726345 a prime number?
False
Is 94299691 a composite number?
False
Is 48842550511 a composite number?
True
Is 8271512063 a composite number?
True
Is 40275461179 a composite number?
False
Is 13610391019 a composite number?
True
Is 3235874801 prime?
True
Is 200190139153 composite?
False
Is 4954865557 prime?
False
Is 1513319437 prime?
False
Is 10088614069 composite?
False
Is 12375681317 a composite number?
False
Is 193266001 prime?
False
Is 445950509 composite?
False
Is 31097551 composite?
True
Is 1353902919 composite?
True
Is 1939104803 composite?
True
Is 161510311 composite?
False
Is 365923951 composite?
True
Is 249106929241 a prime number?
False
Is 396912629 a composite number?
False
Is 3228221501 a composite number?
False
Is 4185236281 a prime number?
False
Is 625176667 prime?
False
Is 7091354671 composite?
False
Is 251333974 prime?
False
Is 34383690167 a composite number?
False
Is 1923718333 a prime number?
True
Is 1711444601 composite?
True
Is 12569394813 composite?
True
Is 2408011517 composite?
True
Is 9344027087 a prime number?
False
Is 59501200673 prime?
True
Is 970981489 a prime number?
True
Is 23778857683 a composite number?
True
Is 6681808669 prime?
True
Is 1025326273 composite?
False
Is 15744017209 a composite number?
False
Is 1609479789 a composite number?
True
Is 4978378079 a composite number?
False
Is 73618653803 prime?
True
Is 23635592831 prime?
False
Is 719089183 composite?
True
Is 8165906711 a composite number?
False
Is 4187518261 prime?
True
Is 238457243 composite?
False
Is 463105847 a composite number?
False
Is 44934761 a composite number?
True
Is 114071955481 composite?
True
Is 2023161431 composite?
True
Is 1130590563 a composite number?
True
Is 9269179351 composite?
False
Is 504981109 composite?
True
Is 5807686201 a prime number?
True
Is 62934555785 a prime number?
False
Is 221297191 a composite number?
True
Is 2055795821 prime?
False
Is 9878922589 prime?
False
Is 123107656421 composite?
False
Is 10238648083 a composite number?
True
Is 893599121 a composite number?
False
Is 1271956787 prime?
False
Is 405566111 composite?
False
Is 25459831981 prime?
True
Is 89358751177 prime?
True
Is 27669344147 prime?
False
Is 13637021351 composite?
True
Is 3235799521 a prime number?
True
Is 3615788213 a prime number?
True
Is 1687137253 composite?
True
Is 15875320883 prime?
True
Is 915629527 composite?
True
Is 251218901 prime?
False
Is 129268981 a composite number?
False
Is 1807838329 composite?
True
Is 54653394347 composite?
True
Is 27032759719 a composite number?
True
Is 9864931673 composite?
True
Is 27674078171 prime?
True
Is 480244001 a prime number?
False
Is 3731663899 a composite number?
Tr